{"id":5352,"date":"2025-05-09T10:04:19","date_gmt":"2025-05-09T09:04:19","guid":{"rendered":"https:\/\/migongo.net\/?post_type=product&#038;p=5352"},"modified":"2025-10-09T21:19:48","modified_gmt":"2025-10-09T20:19:48","slug":"falda-pantalon-rallas-rosa","status":"publish","type":"product","link":"https:\/\/migongo.net\/en\/product\/falda-pantalon-rallas-rosa\/","title":{"rendered":"Falda pantal\u00f3n rallas rosa"},"content":{"rendered":"<p>Falda pantal\u00f3n en tejido de 100% de algod\u00f3n con rallas en rosa y violeta<br \/>\nSe ata en la cintura c\u00f3mo un pantal\u00f3n pareo, pero parece una falda.<br \/>\nTalla adaptable de la XS a la L y de la M a la XXL<\/p>","protected":false},"excerpt":{"rendered":"<p>Falda pantal\u00f3n en tejido de 100% de algod\u00f3n con rallas en rosa y violeta Se ata en la cintura c\u00f3mo un pantal\u00f3n pareo, pero parece una falda. Talla adaptable de la XS a la L y de la M a la XXL<\/p>","protected":false},"featured_media":5357,"comment_status":"open","ping_status":"closed","template":"","meta":{"site-sidebar-layout":"default","site-content-layout":"","ast-site-content-layout":"default","site-content-style":"default","site-sidebar-style":"default","ast-global-header-display":"","ast-banner-title-visibility":"","ast-main-header-display":"","ast-hfb-above-header-display":"","ast-hfb-below-header-display":"","ast-hfb-mobile-header-display":"","site-post-title":"","ast-breadcrumbs-content":"","ast-featured-img":"","footer-sml-layout":"","theme-transparent-header-meta":"default","adv-header-id-meta":"","stick-header-meta":"","header-above-stick-meta":"","header-main-stick-meta":"","header-below-stick-meta":"","astra-migrate-meta-layouts":"set","ast-page-background-enabled":"default","ast-page-background-meta":{"desktop":{"background-color":"","background-image":"","background-repeat":"repeat","background-position":"center center","background-size":"auto","background-attachment":"scroll","background-type":"","background-media":"","overlay-type":"","overlay-color":"","overlay-opacity":"","overlay-gradient":""},"tablet":{"background-color":"","background-image":"","background-repeat":"repeat","background-position":"center center","background-size":"auto","background-attachment":"scroll","background-type":"","background-media":"","overlay-type":"","overlay-color":"","overlay-opacity":"","overlay-gradient":""},"mobile":{"background-color":"","background-image":"","background-repeat":"repeat","background-position":"center center","background-size":"auto","background-attachment":"scroll","background-type":"","background-media":"","overlay-type":"","overlay-color":"","overlay-opacity":"","overlay-gradient":""}},"ast-content-background-meta":{"desktop":{"background-color":"var(--ast-global-color-5)","background-image":"","background-repeat":"repeat","background-position":"center center","background-size":"auto","background-attachment":"scroll","background-type":"","background-media":"","overlay-type":"","overlay-color":"","overlay-opacity":"","overlay-gradient":""},"tablet":{"background-color":"var(--ast-global-color-5)","background-image":"","background-repeat":"repeat","background-position":"center center","background-size":"auto","background-attachment":"scroll","background-type":"","background-media":"","overlay-type":"","overlay-color":"","overlay-opacity":"","overlay-gradient":""},"mobile":{"background-color":"var(--ast-global-color-5)","background-image":"","background-repeat":"repeat","background-position":"center center","background-size":"auto","background-attachment":"scroll","background-type":"","background-media":"","overlay-type":"","overlay-color":"","overlay-opacity":"","overlay-gradient":""}}},"product_brand":[],"product_cat":[49,165],"product_tag":[94,92,79,189,187,190,80,89,93,87,84,167,186,180,182,109,104,105,103,96,85,95,100,83,88,86,90,174,130,129,131,188,91],"class_list":{"0":"post-5352","1":"product","2":"type-product","3":"status-publish","4":"has-post-thumbnail","6":"product_cat-mujer","7":"product_cat-primavera-verano-2025","8":"product_tag-accesorios-de-moda-sostenible","9":"product_tag-comprar-ropa-sostenible-online","10":"product_tag-falda-algodon","11":"product_tag-falda-corta","12":"product_tag-falda-pantalon","13":"product_tag-falda-short","14":"product_tag-falda-verano","15":"product_tag-marca-de-ropa-espanola","16":"product_tag-moda-ecologica-para-el-hogar","17":"product_tag-moda-etica-lanzarote","18":"product_tag-moda-slow-fashion-espana","19":"product_tag-no-se-arruga","20":"product_tag-pantalon-falda","21":"product_tag-pantalon-pareo","22":"product_tag-pantalon-verano","23":"product_tag-prenda-etica","24":"product_tag-prenda-exclusiva","25":"product_tag-prenda-sostenible","26":"product_tag-prenda-unica","27":"product_tag-prendas-exclusivas-y-personalizadas","28":"product_tag-prendas-limitadas","29":"product_tag-productos-artesanales-hechos-a-mano","30":"product_tag-productos-lavables-y-reutilizables","31":"product_tag-ropa-artesanal","32":"product_tag-ropa-ecologica-y-artesanal","33":"product_tag-ropa-hecha-a-mano-en-canarias","34":"product_tag-ropa-mujer-espanola","35":"product_tag-short-algodon","36":"product_tag-short-artesanal","37":"product_tag-short-casual","38":"product_tag-short-de-diseno","39":"product_tag-short-falda","40":"product_tag-tienda-de-ropa-artesanal","41":"pa_talla-s","42":"pa_talla-l","43":"desktop-align-left","44":"tablet-align-left","45":"mobile-align-left","47":"first","48":"instock","49":"shipping-taxable","50":"purchasable","51":"product-type-variable"},"_links":{"self":[{"href":"https:\/\/migongo.net\/en\/wp-json\/wp\/v2\/product\/5352","targetHints":{"allow":["GET"]}}],"collection":[{"href":"https:\/\/migongo.net\/en\/wp-json\/wp\/v2\/product"}],"about":[{"href":"https:\/\/migongo.net\/en\/wp-json\/wp\/v2\/types\/product"}],"replies":[{"embeddable":true,"href":"https:\/\/migongo.net\/en\/wp-json\/wp\/v2\/comments?post=5352"}],"version-history":[{"count":1,"href":"https:\/\/migongo.net\/en\/wp-json\/wp\/v2\/product\/5352\/revisions"}],"predecessor-version":[{"id":5358,"href":"https:\/\/migongo.net\/en\/wp-json\/wp\/v2\/product\/5352\/revisions\/5358"}],"wp:featuredmedia":[{"embeddable":true,"href":"https:\/\/migongo.net\/en\/wp-json\/wp\/v2\/media\/5357"}],"wp:attachment":[{"href":"https:\/\/migongo.net\/en\/wp-json\/wp\/v2\/media?parent=5352"}],"wp:term":[{"taxonomy":"product_brand","embeddable":true,"href":"https:\/\/migongo.net\/en\/wp-json\/wp\/v2\/product_brand?post=5352"},{"taxonomy":"product_cat","embeddable":true,"href":"https:\/\/migongo.net\/en\/wp-json\/wp\/v2\/product_cat?post=5352"},{"taxonomy":"product_tag","embeddable":true,"href":"https:\/\/migongo.net\/en\/wp-json\/wp\/v2\/product_tag?post=5352"}],"curies":[{"name":"wp","href":"https:\/\/api.w.org\/{rel}","templated":true}]}}

Falda pantalón rallas rosa

<p>Falda pantalón en tejido de 100% de algodón con rallas en rosa y violeta<br />
Se ata en la cintura cómo un pantalón pareo, pero parece una falda.<br />
Talla adaptable de la XS a la L y de la M a la XXL</p>

<p>Falda pantalón en tejido de 100% de algodón con rallas en rosa y violeta Se ata en la cintura cómo un pantalón pareo, pero parece una falda. Talla adaptable de la XS a la L y de la M a la XXL</p>
